
5022
Calculate the greatest common factor of 83607186 and 142.
142
What is the greatest common factor of 6010657 and 87817?
641
What is the greatest common divisor of 2231 and 33624662?
97
What is the greatest common divisor of 470 and 770785?
5
Calculate the greatest common divisor of 126 and 33597306.
18
What is the greatest common divisor of 1000 and 8495?
5
What is the greatest common divisor of 1955 and 854760?
85
What is the greatest common divisor of 7943595 and 393855?
5115
Calculate the greatest common factor of 26572 and 40552668.
3796
Calculate the greatest common factor of 36287 and 21052.
277
What is the highest common divisor of 81 and 8715762?
81
Calculate the greatest common divisor of 24 and 79762632.
24
Calculate the highest common divisor of 20951056 and 68744.
5288
Calculate the greatest common divisor of 846935 and 394935.
565
Calculate the greatest common factor of 284600 and 2600.
200
What is the greatest common factor of 15361072 and 14571?
1619
Calculate the highest common factor of 6591 and 98904.
39
What is the highest common divisor of 18722 and 456642?
46
Calculate the greatest common divisor of 14703148 and 20180.
4036
What is the highest common factor of 10990108 and 4?
4
What is the greatest common factor of 4738 and 158584877?
103
What is the highest common factor of 10776 and 422970572?
1796
What is the greatest common factor of 34227 and 12357?
9
Calculate the greatest common factor of 11980461 and 21777.
3111
What is the highest common divisor of 3076 and 24003566?
1538
Calculate the greatest common factor of 5072084 and 29111.
677
What is the greatest common divisor of 80529 and 17510?
17
What is the greatest common divisor of 4 and 318052696?
4
Calculate the highest common divisor of 111585003 and 50349.
3873
Calculate the greatest common divisor of 341 and 46250842.
11
What is the greatest common factor of 9216 and 400122?
18
Calculate the highest common divisor of 2919 and 2745250.
139
Calculate the greatest common factor of 17217 and 5058.
9
What is the highest common divisor of 4512690 and 18954?
234
Calculate the highest common factor of 28507493 and 24409.
2219
What is the greatest common factor of 4 and 359356?
4
What is the greatest common factor of 240 and 54652272?
48
Calculate the highest common factor of 4605314 and 588.
98
Calculate the greatest common factor of 528162 and 23370.
4674
What is the greatest common factor of 343 and 28953169?
49
Calculate the greatest common factor of 5475 and 2977450.
25
What is the greatest common divisor of 30470596 and 429?
13
Calculate the highest common divisor of 29045456 and 66.
22
What is the greatest common divisor of 4143036 and 17204?
1564
What is the greatest common divisor of 1349985 and 34944?
273
What is the greatest common factor of 3288 and 13470?
6
Calculate the greatest common factor of 2905 and 16778035.
415
Calculate the highest common divisor of 189809010 and 30.
30
Calculate the highest common factor of 777 and 3119298.
21
Calculate the highest common factor of 3383 and 3429303121.
3383
What is the greatest common divisor of 6264 and 1996389?
261
Calculate the highest common divisor of 13299 and 190929.
93
Calculate the greatest common factor of 24 and 3198792.
24
What is the greatest common divisor of 5346638 and 10450?
418
What is the greatest common divisor of 6021940 and 36925?
1055
What is the highest common divisor of 1554 and 27433938?
42
What is the greatest common factor of 30 and 6414720?
30
What is the highest common divisor of 36 and 470740?
4
Calculate the highest common factor of 8650373 and 10156.
2539
What is the greatest common divisor of 145835611 and 111?
37
What is the highest common factor of 2364676277 and 239?
239
What is the greatest common factor of 22501215 and 694?
347
Calculate the highest common divisor of 805 and 688835.
35
What is the greatest common factor of 5170630 and 29440?
230
What is the greatest common divisor of 23712988 and 836?
76
What is the greatest common divisor of 51399240 and 90?
30
What is the greatest common factor of 213782800 and 800?
400
What is the highest common divisor of 560216 and 1646232?
1912
Calculate the greatest common divisor of 991474 and 270215.
187
What is the highest common factor of 1062259 and 29161?
121
What is the highest common factor of 120107890 and 102?
34
Calculate the highest common factor of 152 and 14069804.
76
Calculate the greatest common divisor of 203 and 6908699.
203
Calculate the highest common factor of 846 and 569698938.
846
What is the highest common divisor of 1480 and 71821144?
296
Calculate the greatest common divisor of 9301 and 4129005.
71
Calculate the highest common factor of 11627472 and 3774.
222
Calculate the highest common divisor of 3872 and 100256.
32
What is the greatest common factor of 50 and 15240700?
50
Calculate the greatest common factor of 63 and 3397359.
21
What is the greatest common divisor of 9730 and 14352862?
278
What is the greatest common divisor of 12303 and 24555?
3
Calculate the greatest common divisor of 248604 and 11640.
12
Calculate the greatest common factor of 6400960 and 415.
415
Calculate the greatest common factor of 2849 and 90632647.
259
Calculate the highest common divisor of 166732904 and 39.
13
What is the highest common factor of 2110 and 117816070?
2110
Calculate the highest common divisor of 1514 and 2.
2
Calculate the highest common factor of 178482024 and 2047.
2047
Calculate the highest common divisor of 6529251 and 465.
93
Calculate the highest common divisor of 3326018179 and 341.
341
What is the greatest common factor of 158 and 224293640?
158
Calculate the highest common factor of 1206 and 399348.
18
What is the greatest common divisor of 199714 and 19154?
122
Calculate the highest common divisor of 71770584 and 192.
24
Calculate the highest common factor of 1081 and 17172145.
23
Calculate the greatest common factor of 275717 and 6395766.
2171
Calculate the highest common factor of 16865922 and 8091.
93
What is the highest common factor of 9558 and 708248862?
1062
What is the highest common factor of 101694329 and 2233?
319
What is the highest common factor of 981980650 and 5?
5
What is the greatest common factor of 3 and 47305755?
3
What is the highest common divisor of 1813 and 133550501?
259
What is the highest common divisor of 1126917 and 924?
33
What is the greatest common factor of 33857426 and 46?
46
What is the greatest common divisor of 12452 and 6797957716?
12452
What is the highest common factor of 11133837 and 225459?
4797
Calculate the greatest common divisor of 30 and 112170255.
15
What is the greatest common factor of 3108 and 9114987?
777
Calculate the highest common divisor of 38120486 and 4612.
2306
What is the greatest common factor of 26 and 238484?
2
What is the highest common divisor of 29679166 and 22?
22
What is the greatest common divisor of 351 and 22039641?
351
What is the highest common divisor of 172440408 and 42?
42
What is the greatest common factor of 16883859 and 1839?
1839
What is the highest common factor of 6291639 and 948?
237
Calculate the greatest common divisor of 7200 and 5472.
288
Calculate the greatest common divisor of 7261852 and 4381.
13
What is the highest common factor of 498 and 47983794?
498
Calculate the highest common divisor of 113166080 and 3840.
1280
Calculate the greatest common divisor of 208115 and 614715.
535
Calculate the highest common factor of 186581040 and 50.
10
What is the greatest common factor of 33260 and 60?
20
What is the greatest common divisor of 24513750 and 495?
45
What is the greatest common factor of 14 and 105422898?
14
Calculate the highest common factor of 518 and 9173891.
37
Calculate the highest common divisor of 80471789 and 5344.
167
What is the greatest common factor of 101979714 and 568?
142
Calculate the highest common divisor of 3912245 and 53215.
145
Calculate the highest common factor of 21630285 and 9.
9
Calculate the greatest common factor of 762 and 237816.
6
What is the greatest common factor of 91527525 and 15?
15
Calculate the greatest common factor of 3565 and 483631.
31
What is the highest common factor of 88222896 and 108?
36
What is the greatest common divisor of 5592 and 40116?
12
Calculate t